{"id":1879,"date":"2023-09-28T09:32:35","date_gmt":"2023-09-28T09:32:35","guid":{"rendered":"https:\/\/ec-construccion.com\/?page_id=1879"},"modified":"2023-09-28T10:41:32","modified_gmt":"2023-09-28T10:41:32","slug":"home","status":"publish","type":"page","link":"https:\/\/ec-construccion.com\/?page_id=1879&lang=en","title":{"rendered":"Home"},"content":{"rendered":"\n\n\n\n<div class=\"wp-block-group alignfull is-layout-constrained wp-block-group-is-layout-constrained\" style=\"padding-top:2rem;padding-bottom:2rem\">\n<div class=\"wp-block-columns alignwide cons_light_feature is-layout-flex wp-container-core-columns-is-layout-28f84493 wp-block-columns-is-layout-flex\">\n<div class=\"wp-block-column has-shadow-dark feature-list is-layout-flow wp-block-column-is-layout-flow\" style=\"padding-top:0;padding-right:0;padding-bottom:0;padding-left:0\">\n<div class=\"wp-block-group box is-layout-constrained wp-block-group-is-layout-constrained\">\n<figure class=\"wp-block-image aligncenter size-medium\"><img decoding=\"async\" src=\"https:\/\/demo.sparklewpthemes.com\/constructionlight\/renonvation\/wp-content\/themes\/construction-light\/assets\/default\/interior-five.jpg\" alt=\"\" class=\"wp-image-572\"\/><\/figure>\n\n\n\n<div class=\"wp-block-group bottom-content is-layout-constrained wp-container-core-group-is-layout-76ec704c wp-block-group-is-layout-constrained\" style=\"padding-right:2rem;padding-bottom:2rem;padding-left:2rem\">\n<h3 class=\"wp-block-heading has-text-align-center has-large-font-size\" style=\"margin-top:0;margin-right:0;margin-bottom:0;margin-left:0;padding-bottom:1.5rem\">Interior design<\/h3>\n\n\n\n<p class=\"has-text-align-center\" style=\"margin-top:0;margin-right:0;margin-bottom:0;margin-left:0\">Delectus ea, fugiat possimus iste facilis minima dolor consequatur vel voluptas assumenda eum beatae, autem architecto\u2026<\/p>\n<\/div>\n<\/div>\n<\/div>\n\n\n\n<div class=\"wp-block-column has-shadow-dark feature-list is-layout-flow wp-block-column-is-layout-flow\">\n<div class=\"wp-block-group box is-layout-constrained wp-block-group-is-layout-constrained\">\n<figure class=\"wp-block-image aligncenter size-large\"><img loading=\"lazy\" decoding=\"async\" width=\"1024\" height=\"683\" src=\"https:\/\/ec-construccion.com\/wp-content\/uploads\/2023\/09\/electricas-1024x683.jpeg\" alt=\"\" class=\"wp-image-1734\" srcset=\"https:\/\/ec-construccion.com\/wp-content\/uploads\/2023\/09\/electricas-1024x683.jpeg 1024w, https:\/\/ec-construccion.com\/wp-content\/uploads\/2023\/09\/electricas-300x200.jpeg 300w, https:\/\/ec-construccion.com\/wp-content\/uploads\/2023\/09\/electricas-768x512.jpeg 768w, https:\/\/ec-construccion.com\/wp-content\/uploads\/2023\/09\/electricas-1536x1024.jpeg 1536w, https:\/\/ec-construccion.com\/wp-content\/uploads\/2023\/09\/electricas.jpeg 1600w\" sizes=\"auto, (max-width: 1024px) 100vw, 1024px\" \/><\/figure>\n\n\n\n<div class=\"wp-block-group bottom-content is-layout-constrained wp-container-core-group-is-layout-038f87a8 wp-block-group-is-layout-constrained\" style=\"padding-right:2rem;padding-bottom:2rem;padding-left:2rem\">\n<h3 class=\"wp-block-heading has-text-align-center has-large-font-size\" style=\"padding-bottom:1.5rem\">Electrical installations<\/h3>\n\n\n\n<p class=\"has-text-align-center\" style=\"margin-top:0;margin-right:0;margin-bottom:0;margin-left:0\">Doloremque voluptate fugiat vero at, quas ut maxime natus, error earum, vel, esse hic facilis cumque\u2026<\/p>\n<\/div>\n<\/div>\n<\/div>\n\n\n\n<div class=\"wp-block-column has-shadow-dark feature-list is-layout-flow wp-block-column-is-layout-flow\">\n<div class=\"wp-block-group box is-layout-constrained wp-block-group-is-layout-constrained\">\n<figure class=\"wp-block-image aligncenter size-medium\"><img decoding=\"async\" src=\"https:\/\/demo.sparklewpthemes.com\/constructionlight\/renonvation\/wp-content\/themes\/construction-light\/assets\/default\/slider2.jpg\" alt=\"\" class=\"wp-image-845\"\/><\/figure>\n\n\n\n<div class=\"wp-block-group bottom-content is-layout-constrained wp-container-core-group-is-layout-76ec704c wp-block-group-is-layout-constrained\" style=\"padding-right:2rem;padding-bottom:2rem;padding-left:2rem\">\n<h3 class=\"wp-block-heading has-text-align-center has-large-font-size\" style=\"margin-top:0;margin-right:0;margin-bottom:0;margin-left:0;padding-bottom:1.5rem\">New Construction<\/h3>\n\n\n\n<p class=\"has-text-align-center\" style=\"margin-top:0;margin-right:0;margin-bottom:0;margin-left:0\">Doloremque voluptate fugiat vero at, quas ut maxime natus, error earum, vel, esse hic facilis cumque\u2026<\/p>\n<\/div>\n<\/div>\n<\/div>\n<\/div>\n\n\n\n<div class=\"wp-block-buttons is-content-justification-center is-layout-flex wp-container-core-buttons-is-layout-a89b3969 wp-block-buttons-is-layout-flex\">\n<div class=\"wp-block-button\"><a class=\"wp-block-button__link wp-element-button\" href=\"https:\/\/ec-construccion.com\/?page_id=1804&amp;lang=en\">MORE SERVICES <\/a><\/div>\n<\/div>\n<\/div>\n\n\n\n<h1 class=\"wp-block-heading has-text-align-center\">Last Projects<\/h1>\n\n\n<style>.wp-show-posts-columns#wpsp-913 {margin-left: -2em; }.wp-show-posts-columns#wpsp-913 .wp-show-posts-inner {margin: 0 0 2em 2em; }<\/style><section id=\"wpsp-913\" class=\" wp-show-posts-columns wp-show-posts\" style=\"\"><article class=\" wp-show-posts-single post-2059 post type-post status-publish format-standard has-post-thumbnail hentry category-proyectos tag-renovation tag-roofing wpsp-col-6\" itemtype=\"http:\/\/schema.org\/CreativeWork\" itemscope><div class=\"wp-show-posts-inner\" style=\"\">\t\t\t\t\t\t<div class=\"wp-show-posts-entry-summary\" itemprop=\"text\">\n\t\t\t\t\t\t\t<p>Antes de la Reforma Antes de embarcarnos en este emocionante proyecto de reforma de cocina, nos encontramos con un espacio que, aunque funcional, carec\u00eda de estilo y eficiencia. Las paredes&#8230;<\/p>\n\t\t\t\t\t\t<\/div><!-- .entry-summary -->\n\t\t\t\t\t<\/div><!-- wp-show-posts-inner --><\/article><article class=\" wp-show-posts-single post-2004 post type-post status-publish format-standard has-post-thumbnail hentry category-proyectos tag-renovation tag-roofing wpsp-col-6\" itemtype=\"http:\/\/schema.org\/CreativeWork\" itemscope><div class=\"wp-show-posts-inner\" style=\"\">\t\t\t\t\t\t<div class=\"wp-show-posts-entry-summary\" itemprop=\"text\">\n\t\t\t\t\t\t\t<p>Durante la contrucci\u00f3n Despu\u00e9s de la Reforma Fotos del resultado CUANDO: Septiembre 2022 DURACI\u00d3N: 1 MES DONDE: LA ELIANA Construir una piscina puede ser un emocionante proyecto que agrega valor&#8230;<\/p>\n\t\t\t\t\t\t<\/div><!-- .entry-summary -->\n\t\t\t\t\t<\/div><!-- wp-show-posts-inner --><\/article><article class=\" wp-show-posts-single post-1996 post type-post status-publish format-standard has-post-thumbnail hentry category-faq tag-renovation tag-roofing wpsp-col-6\" itemtype=\"http:\/\/schema.org\/CreativeWork\" itemscope><div class=\"wp-show-posts-inner\" style=\"\">\t\t\t\t\t\t<div class=\"wp-show-posts-entry-summary\" itemprop=\"text\">\n\t\t\t\t\t\t\t<p>Cuando se trata de elegir el material adecuado para la encimera de tu cocina, la decisi\u00f3n entre Silestone y porcel\u00e1nico es crucial. Ambos materiales tienen sus propias ventajas y caracter\u00edsticas&#8230;<\/p>\n\t\t\t\t\t\t<\/div><!-- .entry-summary -->\n\t\t\t\t\t<\/div><!-- wp-show-posts-inner --><\/article><article class=\" wp-show-posts-single post-1982 post type-post status-publish format-standard has-post-thumbnail hentry category-projects tag-renovation-en tag-roofing-en wpsp-col-6\" itemtype=\"http:\/\/schema.org\/CreativeWork\" itemscope><div class=\"wp-show-posts-inner\" style=\"\">\t\t\t\t\t\t<div class=\"wp-show-posts-entry-summary\" itemprop=\"text\">\n\t\t\t\t\t\t\t<p>Before the Reformation Before embarking on this exciting kitchen renovation project, we came across a space that, although functional, lacked style and efficiency. The walls were covered in worn and&#8230;<\/p>\n\t\t\t\t\t\t<\/div><!-- .entry-summary -->\n\t\t\t\t\t<\/div><!-- wp-show-posts-inner --><\/article><article class=\" wp-show-posts-single post-1973 post type-post status-publish format-standard has-post-thumbnail hentry category-faq-english tag-renovation-en tag-roofing-en wpsp-col-6\" itemtype=\"http:\/\/schema.org\/CreativeWork\" itemscope><div class=\"wp-show-posts-inner\" style=\"\">\t\t\t\t\t\t<div class=\"wp-show-posts-entry-summary\" itemprop=\"text\">\n\t\t\t\t\t\t\t<p>Roof leaks can be a common problem, especially in unpredictable climates. When leaks appear, it is crucial to address the problem immediately to avoid further damage to our home. In&#8230;<\/p>\n\t\t\t\t\t\t<\/div><!-- .entry-summary -->\n\t\t\t\t\t<\/div><!-- wp-show-posts-inner --><\/article><article class=\" wp-show-posts-single post-1924 post type-post status-publish format-standard has-post-thumbnail hentry category-faq tag-renovation tag-roofing wpsp-col-6\" itemtype=\"http:\/\/schema.org\/CreativeWork\" itemscope><div class=\"wp-show-posts-inner\" style=\"\">\t\t\t\t\t\t<div class=\"wp-show-posts-entry-summary\" itemprop=\"text\">\n\t\t\t\t\t\t\t<p>Las goteras en el techo pueden ser un problema com\u00fan, especialmente en climas impredecibles. Cuando las goteras aparecen, es crucial abordar el problema de inmediato para evitar da\u00f1os mayores en&#8230;<\/p>\n\t\t\t\t\t\t<\/div><!-- .entry-summary -->\n\t\t\t\t\t<\/div><!-- wp-show-posts-inner --><\/article><div class=\"wpsp-clear\"><\/div><\/section><!-- .wp-show-posts -->\n\n\n\n<div class=\"wp-block-buttons is-content-justification-center is-layout-flex wp-container-core-buttons-is-layout-a89b3969 wp-block-buttons-is-layout-flex\">\n<div class=\"wp-block-button\"><a class=\"wp-block-button__link wp-element-button\" href=\"https:\/\/ec-construccion.com\/?page_id=1909&amp;lang=en\">MORE PROYECTOS<\/a><\/div>\n<\/div>\n\n\n\n<div style=\"height:100px\" aria-hidden=\"true\" class=\"wp-block-spacer\"><\/div>\n\n\n\n<div class=\"wp-block-columns is-layout-flex wp-container-core-columns-is-layout-28f84493 wp-block-columns-is-layout-flex\">\n<div class=\"wp-block-column is-layout-flow wp-block-column-is-layout-flow\">\n<figure class=\"wp-block-image size-full\"><img loading=\"lazy\" decoding=\"async\" width=\"300\" height=\"63\" src=\"https:\/\/ec-construccion.com\/wp-content\/uploads\/2023\/09\/imagen_pie_1.jpg\" alt=\"\" class=\"wp-image-1940\"\/><\/figure>\n<\/div>\n\n\n\n<div class=\"wp-block-column is-layout-flow wp-block-column-is-layout-flow\">\n<figure class=\"wp-block-image size-full\"><img loading=\"lazy\" decoding=\"async\" width=\"300\" height=\"70\" src=\"https:\/\/ec-construccion.com\/wp-content\/uploads\/2023\/09\/imagen_pie_2.jpg\" alt=\"\" class=\"wp-image-1941\"\/><\/figure>\n<\/div>\n\n\n\n<div class=\"wp-block-column is-layout-flow wp-block-column-is-layout-flow\">\n<p>Proyecto Web Financiado por la Uni\u00f3n Europea \u2013 NextGenerationEU<\/p>\n<\/div>\n<\/div>\n","protected":false},"excerpt":{"rendered":"<p>Interior design Delectus ea, fugiat possimus iste facilis minima dolor consequatur vel voluptas assumenda eum beatae, autem architecto\u2026 Electrical installations Doloremque voluptate fugiat vero at, quas ut maxime natus, error earum, vel, esse hic facilis cumque\u2026 New Construction Doloremque voluptate fugiat vero at, quas ut maxime natus, error earum, vel,&hellip;<\/p>\n","protected":false},"author":1,"featured_media":0,"parent":0,"menu_order":0,"comment_status":"closed","ping_status":"closed","template":"template-pagebuilder.php","meta":{"footnotes":""},"class_list":["post-1879","page","type-page","status-publish","hentry"],"yoast_head":"<!-- This site is optimized with the Yoast SEO plugin v21.2 - https:\/\/yoast.com\/wordpress\/plugins\/seo\/ -->\n<title>Home - Construcciones y Reformas - CONSTRUBELL CAMIR SL<\/title>\n<meta name=\"robots\" content=\"index, follow, max-snippet:-1, max-image-preview:large, max-video-preview:-1\" \/>\n<link rel=\"canonical\" href=\"https:\/\/ec-construccion.com\/?page_id=1879&lang=en\" \/>\n<meta property=\"og:locale\" content=\"es_ES\" \/>\n<meta property=\"og:type\" content=\"article\" \/>\n<meta property=\"og:title\" content=\"Home - Construcciones y Reformas - CONSTRUBELL CAMIR SL\" \/>\n<meta property=\"og:description\" content=\"Interior design Delectus ea, fugiat possimus iste facilis minima dolor consequatur vel voluptas assumenda eum beatae, autem architecto\u2026 Electrical installations Doloremque voluptate fugiat vero at, quas ut maxime natus, error earum, vel, esse hic facilis cumque\u2026 New Construction Doloremque voluptate fugiat vero at, quas ut maxime natus, error earum, vel,&hellip;\" \/>\n<meta property=\"og:url\" content=\"https:\/\/ec-construccion.com\/?page_id=1879&amp;lang=en\" \/>\n<meta property=\"og:site_name\" content=\"Construcciones y Reformas - CONSTRUBELL CAMIR SL\" \/>\n<meta property=\"article:modified_time\" content=\"2023-09-28T10:41:32+00:00\" \/>\n<meta property=\"og:image\" content=\"https:\/\/demo.sparklewpthemes.com\/constructionlight\/renonvation\/wp-content\/themes\/construction-light\/assets\/default\/interior-five.jpg\" \/>\n<meta name=\"twitter:card\" content=\"summary_large_image\" \/>\n<script type=\"application\/ld+json\" class=\"yoast-schema-graph\">{\"@context\":\"https:\/\/schema.org\",\"@graph\":[{\"@type\":\"WebPage\",\"@id\":\"https:\/\/ec-construccion.com\/?page_id=1879&lang=en\",\"url\":\"https:\/\/ec-construccion.com\/?page_id=1879&lang=en\",\"name\":\"Home - Construcciones y Reformas - CONSTRUBELL CAMIR SL\",\"isPartOf\":{\"@id\":\"https:\/\/ec-construccion.com\/#website\"},\"datePublished\":\"2023-09-28T09:32:35+00:00\",\"dateModified\":\"2023-09-28T10:41:32+00:00\",\"breadcrumb\":{\"@id\":\"https:\/\/ec-construccion.com\/?page_id=1879&lang=en#breadcrumb\"},\"inLanguage\":\"es\",\"potentialAction\":[{\"@type\":\"ReadAction\",\"target\":[\"https:\/\/ec-construccion.com\/?page_id=1879&lang=en\"]}]},{\"@type\":\"BreadcrumbList\",\"@id\":\"https:\/\/ec-construccion.com\/?page_id=1879&lang=en#breadcrumb\",\"itemListElement\":[{\"@type\":\"ListItem\",\"position\":1,\"name\":\"Portada\",\"item\":\"https:\/\/ec-construccion.com\/\"},{\"@type\":\"ListItem\",\"position\":2,\"name\":\"Home\"}]},{\"@type\":\"WebSite\",\"@id\":\"https:\/\/ec-construccion.com\/#website\",\"url\":\"https:\/\/ec-construccion.com\/\",\"name\":\"Construcciones y Reformas - CONSTRUBELL CAMIR SL\",\"description\":\"\",\"publisher\":{\"@id\":\"https:\/\/ec-construccion.com\/#organization\"},\"potentialAction\":[{\"@type\":\"SearchAction\",\"target\":{\"@type\":\"EntryPoint\",\"urlTemplate\":\"https:\/\/ec-construccion.com\/?s={search_term_string}\"},\"query-input\":\"required name=search_term_string\"}],\"inLanguage\":\"es\"},{\"@type\":\"Organization\",\"@id\":\"https:\/\/ec-construccion.com\/#organization\",\"name\":\"Construcciones y Reformas - CONSTRUBELL CAMIR SL\",\"url\":\"https:\/\/ec-construccion.com\/\",\"logo\":{\"@type\":\"ImageObject\",\"inLanguage\":\"es\",\"@id\":\"https:\/\/ec-construccion.com\/#\/schema\/logo\/image\/\",\"url\":\"https:\/\/ec-construccion.com\/wp-content\/uploads\/2023\/09\/cropped-montaje_logo_slogan.png\",\"contentUrl\":\"https:\/\/ec-construccion.com\/wp-content\/uploads\/2023\/09\/cropped-montaje_logo_slogan.png\",\"width\":861,\"height\":305,\"caption\":\"Construcciones y Reformas - CONSTRUBELL CAMIR SL\"},\"image\":{\"@id\":\"https:\/\/ec-construccion.com\/#\/schema\/logo\/image\/\"}}]}<\/script>\n<!-- \/ Yoast SEO plugin. -->","yoast_head_json":{"title":"Home - Construcciones y Reformas - CONSTRUBELL CAMIR SL","robots":{"index":"index","follow":"follow","max-snippet":"max-snippet:-1","max-image-preview":"max-image-preview:large","max-video-preview":"max-video-preview:-1"},"canonical":"https:\/\/ec-construccion.com\/?page_id=1879&lang=en","og_locale":"es_ES","og_type":"article","og_title":"Home - Construcciones y Reformas - CONSTRUBELL CAMIR SL","og_description":"Interior design Delectus ea, fugiat possimus iste facilis minima dolor consequatur vel voluptas assumenda eum beatae, autem architecto\u2026 Electrical installations Doloremque voluptate fugiat vero at, quas ut maxime natus, error earum, vel, esse hic facilis cumque\u2026 New Construction Doloremque voluptate fugiat vero at, quas ut maxime natus, error earum, vel,&hellip;","og_url":"https:\/\/ec-construccion.com\/?page_id=1879&lang=en","og_site_name":"Construcciones y Reformas - CONSTRUBELL CAMIR SL","article_modified_time":"2023-09-28T10:41:32+00:00","og_image":[{"url":"https:\/\/demo.sparklewpthemes.com\/constructionlight\/renonvation\/wp-content\/themes\/construction-light\/assets\/default\/interior-five.jpg"}],"twitter_card":"summary_large_image","schema":{"@context":"https:\/\/schema.org","@graph":[{"@type":"WebPage","@id":"https:\/\/ec-construccion.com\/?page_id=1879&lang=en","url":"https:\/\/ec-construccion.com\/?page_id=1879&lang=en","name":"Home - Construcciones y Reformas - CONSTRUBELL CAMIR SL","isPartOf":{"@id":"https:\/\/ec-construccion.com\/#website"},"datePublished":"2023-09-28T09:32:35+00:00","dateModified":"2023-09-28T10:41:32+00:00","breadcrumb":{"@id":"https:\/\/ec-construccion.com\/?page_id=1879&lang=en#breadcrumb"},"inLanguage":"es","potentialAction":[{"@type":"ReadAction","target":["https:\/\/ec-construccion.com\/?page_id=1879&lang=en"]}]},{"@type":"BreadcrumbList","@id":"https:\/\/ec-construccion.com\/?page_id=1879&lang=en#breadcrumb","itemListElement":[{"@type":"ListItem","position":1,"name":"Portada","item":"https:\/\/ec-construccion.com\/"},{"@type":"ListItem","position":2,"name":"Home"}]},{"@type":"WebSite","@id":"https:\/\/ec-construccion.com\/#website","url":"https:\/\/ec-construccion.com\/","name":"Construcciones y Reformas - CONSTRUBELL CAMIR SL","description":"","publisher":{"@id":"https:\/\/ec-construccion.com\/#organization"},"potentialAction":[{"@type":"SearchAction","target":{"@type":"EntryPoint","urlTemplate":"https:\/\/ec-construccion.com\/?s={search_term_string}"},"query-input":"required name=search_term_string"}],"inLanguage":"es"},{"@type":"Organization","@id":"https:\/\/ec-construccion.com\/#organization","name":"Construcciones y Reformas - CONSTRUBELL CAMIR SL","url":"https:\/\/ec-construccion.com\/","logo":{"@type":"ImageObject","inLanguage":"es","@id":"https:\/\/ec-construccion.com\/#\/schema\/logo\/image\/","url":"https:\/\/ec-construccion.com\/wp-content\/uploads\/2023\/09\/cropped-montaje_logo_slogan.png","contentUrl":"https:\/\/ec-construccion.com\/wp-content\/uploads\/2023\/09\/cropped-montaje_logo_slogan.png","width":861,"height":305,"caption":"Construcciones y Reformas - CONSTRUBELL CAMIR SL"},"image":{"@id":"https:\/\/ec-construccion.com\/#\/schema\/logo\/image\/"}}]}},"_links":{"self":[{"href":"https:\/\/ec-construccion.com\/index.php?rest_route=\/wp\/v2\/pages\/1879","targetHints":{"allow":["GET"]}}],"collection":[{"href":"https:\/\/ec-construccion.com\/index.php?rest_route=\/wp\/v2\/pages"}],"about":[{"href":"https:\/\/ec-construccion.com\/index.php?rest_route=\/wp\/v2\/types\/page"}],"author":[{"embeddable":true,"href":"https:\/\/ec-construccion.com\/index.php?rest_route=\/wp\/v2\/users\/1"}],"replies":[{"embeddable":true,"href":"https:\/\/ec-construccion.com\/index.php?rest_route=%2Fwp%2Fv2%2Fcomments&post=1879"}],"version-history":[{"count":6,"href":"https:\/\/ec-construccion.com\/index.php?rest_route=\/wp\/v2\/pages\/1879\/revisions"}],"predecessor-version":[{"id":1948,"href":"https:\/\/ec-construccion.com\/index.php?rest_route=\/wp\/v2\/pages\/1879\/revisions\/1948"}],"wp:attachment":[{"href":"https:\/\/ec-construccion.com\/index.php?rest_route=%2Fwp%2Fv2%2Fmedia&parent=1879"}],"curies":[{"name":"wp","href":"https:\/\/api.w.org\/{rel}","templated":true}]}}